{"id":924,"date":"2024-11-24T15:43:57","date_gmt":"2024-11-24T15:43:57","guid":{"rendered":"https:\/\/sklep.jeep.info.pl\/?post_type=product&#038;p=924"},"modified":"2026-02-09T14:58:59","modified_gmt":"2026-02-09T14:58:59","slug":"jeep-srednia-miekka-torba-podrozna-na-kolkach-czarna","status":"publish","type":"product","link":"https:\/\/sklep.jeep.info.pl\/?product=jeep-srednia-miekka-torba-podrozna-na-kolkach-czarna","title":{"rendered":"JEEP \u015arednia mi\u0119kka torba podr\u00f3\u017cna na k\u00f3\u0142kach czarna"},"content":{"rendered":"<div class=\"page\" title=\"Page 1\">\n<div class=\"layoutArea\">\n<div class=\"column\">\n<p>Opis:<\/p>\n<p>S\u0301rednia mie\u0328kka torba podro\u0301z\u0307na Jeep JS009D to solidna i praktyczna torba na ko\u0301\u0142kach, kto\u0301ra doskonale wpisuje sie\u0328 w filozofie\u0328 marki Jeep \u2013 gotowos\u0301c\u0301 na kaz\u0307da\u0328 przygode\u0328, bez wzgle\u0328du na trudne warunki. Zaprojektowana z mys\u0301la\u0328 o outdoorowych wyprawach, \u0142a\u0328czy wytrzyma\u0142os\u0301c\u0301, funkcjonalnos\u0301c\u0301 oraz ekologiczne podejs\u0301cie, dzie\u0328ki wykorzystaniu materia\u0142o\u0301w pochodza\u0328cych z recyklingu. G\u0142o\u0301wne cechy produktu: Ekologiczny materia\u0142: Torba podro\u0301z\u0307na Delsey Jeep JS009D jest wykonana z wodoodpornego poliestru pochodza\u0328cego z recyklingu, co chroni Twoje rzeczy przed deszczem i trudnymi warunkami atmosferycznymi, jednoczes\u0301nie dbaja\u0328c o s\u0301rodowisko. Odpornos\u0301c\u0301 na przetarcia: Dzie\u0328ki specjalnej pow\u0142oce odpornej na s\u0301cieranie, torba jest gotowa na najtrudniejsze wyzwania, zapewniaja\u0328c ochrone\u0328 Twojego bagaz\u0307u podczas wypraw terenowych. Ko\u0301\u0142ka terenowe i system trolley: Wyposaz\u0307ona w ko\u0301\u0142ka dostosowane do trudnego terenu oraz wygodny system trolley, torba gwarantuje \u0142atwe poruszanie sie\u0328 po niero\u0301wnych nawierzchniach, co sprawia, z\u0307e jest idealnym wyborem na przygody na s\u0301wiez\u0307ym powietrzu. \u0141atwy doste\u0328p do bagaz\u0307u: Szeroki zamek go\u0301rny zapewnia \u0142atwy doste\u0328p do wne\u0328trza torby, umoz\u0307liwiaja\u0328c szybkie i wygodne pakowanie. Wielofunkcyjne uchwyty: Torba posiada kilka uchwyto\u0301w, w tym ergonomiczny uchwyt go\u0301rny oraz podwo\u0301jne uchwyty taktyczne, co daje wiele opcji noszenia w zalez\u0307nos\u0301ci od potrzeb. Dlaczego warto wybrac\u0301 ten produkt? S\u0301rednia mie\u0328kka torba na ko\u0301\u0142kach Delsey Jeep JS009D nie tylko wygla\u0328da solidnie, ale jest takz\u0307e praktycznym rozwia\u0328zaniem dla wszystkich mi\u0142os\u0301niko\u0301w podro\u0301z\u0307y i przygo\u0301d na s\u0301wiez\u0307ym powietrzu. Dzie\u0328ki ekologicznemu podejs\u0301ciu do produkcji oraz wysokiej odpornos\u0301ci na uszkodzenia, torba ta zapewnia zaro\u0301wno ochrone\u0328 bagaz\u0307u, jak i komfort uz\u0307ytkowania, nawet w najtrudniejszych warunkach. Jes\u0301li szukasz niezawodnej torby, kto\u0301ra poradzi sobie z wyzwaniami kaz\u0307dej przygody, to jest ona idealnym wyborem.<\/p>\n<p>UWAGA :<\/p>\n<p>Na stanie (mo\u017ce by\u0107 zam\u00f3wiony)<span class=\"Apple-converted-space\">\u00a0 <\/span>&#8211; wszystkie zam\u00f3wienia z\u0142o\u017cone do godz.12.00 wysy\u0142amy jeszcze tego samego dnia<\/p>\n<p>Produkt dost\u0119pny na zam\u00f3wienie &#8211; czas oczekiwania na produkt nie powinien przekroczy\u0107 7 dni przed zam\u00f3wienim prosimy o weryfikacje z naszym biurem.<\/p>\n<p>Brak w magazynie oznacza, \u017ce dostawa jest mo\u017cliwa prosimy o kontakt z biurem<\/p>\n<p>Opis:<\/p>\n<p>Seria: JS009D<\/p>\n<p>Kro\u0301tki opis:<\/p>\n<\/div>\n<\/div>\n<\/div>\n<div class=\"page\" title=\"Page 2\">\n<div class=\"layoutArea\">\n<div class=\"column\">\n<p>Torba na stelaz\u0307u z ko\u0301\u0142kami Duz\u0307e wygodne otwarcie Praktyczne kieszenie Materia\u0142 z recyklingu Limitowana kolekcja<\/p>\n<p>SKU: J03741240-00<\/p>\n<p>Stan magazynowy: 1<br \/>\nWymiary: D\u0142ugos\u0301c\u0301: 73 cm, Wysokos\u0301c\u0301: 36 cm, Szerokos\u0301c\u0301: 38 cm Waga: 2.1<br \/>\nCechy:<\/p>\n<p>rodzaj: MIE\u0328KKI<br \/>\nwielkos\u0301c\u0301: torba<br \/>\nposzerzenie: Nie<br \/>\nmateria\u0142: poliester<br \/>\nrodzaj zamka: ZAMEK B\u0141YSKAWICZNY zip security tech: Nie<\/p>\n<p>usb: nie<br \/>\nko\u0142a: 2<br \/>\nodpinane ko\u0142a: Nie<br \/>\nsystem hamulcowy: Nie wbudowana waga: Nie wycia\u0328gana podszewka: Nie<\/p>\n<p>kolor: czarny<br \/>\npojemnos\u0301c\u0301: 83 litro\u0301w<\/p>\n<p>marka: DELSEY<br \/>\nkolekcja: JEEP<\/p>\n<\/div>\n<\/div>\n<\/div>\n<p>&nbsp;<\/p>\n","protected":false},"excerpt":{"rendered":"<p>Opis: S\u0301rednia mie\u0328kka torba podro\u0301z\u0307na Jeep JS009D to solidna i praktyczna torba na ko\u0301\u0142kach, kto\u0301ra doskonale wpisuje sie\u0328 w filozofie\u0328 marki Jeep \u2013 gotowos\u0301c\u0301 na kaz\u0307da\u0328 przygode\u0328, bez wzgle\u0328du na trudne warunki.<a class=\"moretag\" href=\"https:\/\/sklep.jeep.info.pl\/?product=jeep-srednia-miekka-torba-podrozna-na-kolkach-czarna\">Read More&#8230;<\/a><\/p>\n","protected":false},"featured_media":927,"comment_status":"open","ping_status":"closed","template":"","meta":[],"product_brand":[],"product_cat":[33,23],"product_tag":[24,34],"class_list":{"0":"post-924","1":"product","2":"type-product","3":"status-publish","4":"has-post-thumbnail","6":"product_cat-torba-materialowa-srednia","7":"product_cat-torby-materialowe","8":"product_tag-torba-materialowa-jeep","9":"product_tag-torba-materialowa-srednia-jeep","11":"first","12":"onbackorder","13":"shipping-taxable","14":"purchasable","15":"product-type-simple"},"_links":{"self":[{"href":"https:\/\/sklep.jeep.info.pl\/index.php?rest_route=\/wp\/v2\/product\/924","targetHints":{"allow":["GET"]}}],"collection":[{"href":"https:\/\/sklep.jeep.info.pl\/index.php?rest_route=\/wp\/v2\/product"}],"about":[{"href":"https:\/\/sklep.jeep.info.pl\/index.php?rest_route=\/wp\/v2\/types\/product"}],"replies":[{"embeddable":true,"href":"https:\/\/sklep.jeep.info.pl\/index.php?rest_route=%2Fwp%2Fv2%2Fcomments&post=924"}],"wp:featuredmedia":[{"embeddable":true,"href":"https:\/\/sklep.jeep.info.pl\/index.php?rest_route=\/wp\/v2\/media\/927"}],"wp:attachment":[{"href":"https:\/\/sklep.jeep.info.pl\/index.php?rest_route=%2Fwp%2Fv2%2Fmedia&parent=924"}],"wp:term":[{"taxonomy":"product_brand","embeddable":true,"href":"https:\/\/sklep.jeep.info.pl\/index.php?rest_route=%2Fwp%2Fv2%2Fproduct_brand&post=924"},{"taxonomy":"product_cat","embeddable":true,"href":"https:\/\/sklep.jeep.info.pl\/index.php?rest_route=%2Fwp%2Fv2%2Fproduct_cat&post=924"},{"taxonomy":"product_tag","embeddable":true,"href":"https:\/\/sklep.jeep.info.pl\/index.php?rest_route=%2Fwp%2Fv2%2Fproduct_tag&post=924"}],"curies":[{"name":"wp","href":"https:\/\/api.w.org\/{rel}","templated":true}]}}