{"id":915,"date":"2024-11-24T14:31:36","date_gmt":"2024-11-24T14:31:36","guid":{"rendered":"https:\/\/sklep.jeep.info.pl\/?post_type=product&#038;p=915"},"modified":"2026-02-02T11:30:36","modified_gmt":"2026-02-02T11:30:36","slug":"jeep-uniwersalny-miejski-zielony-plecak-na-laptopa","status":"publish","type":"product","link":"https:\/\/sklep.jeep.info.pl\/?product=jeep-uniwersalny-miejski-zielony-plecak-na-laptopa","title":{"rendered":"JEEP Uniwersalny, miejski, zielony plecak na laptopa"},"content":{"rendered":"<p>Plecak JS011B z kolekcji Jeep to wszechstronny plecak dla tych, kto\u0301rzy nie szukaja\u0328 przygody. Mo\u017ce by\u0107 te\u017c plecakiem na laptopa. To przygoda ich znajduje! Ten model jest idealnym towarzyszem podro\u0301z\u0307y, niezalez\u0307nie od tego, czy przemierzasz miejska\u0328 dz\u0307ungle\u0328, czy wyruszasz na go\u0301rskie szlaki. Stworzony z materia\u0142o\u0301w z recyklingu, wodoodporny poliester chroni Twoje rzeczy przed niespodziewanymi warunkami pogodowymi, \u0142a\u0328cza\u0328c w sobie troske\u0328 o s\u0301rodowisko z doskona\u0142a\u0328 funkcjonalnos\u0301cia\u0328. G\u0142o\u0301wne cechy produktu: Podwo\u0301jne komory na sprze\u0328t: Dzie\u0328ki ukrytym zamkom b\u0142yskawicznym, Twoje rzeczy sa\u0328 bezpieczne i dobrze zorganizowane. Dodatkowe uchwyty typu &#8222;daisy chain&#8221; pozwalaja\u0328 na przymocowanie dodatkowego sprze\u0328tu, co czyni ten plecak praktycznym kompanem w podro\u0301z\u0307y. Wygodne, regulowane paski naramienne i wys\u0301cie\u0142any ty\u0142 zapewniaja\u0328 komfort nawet podczas d\u0142ugich wypraw. Plecak posiada takz\u0307e pas umoz\u0307liwiaja\u0328cy przymocowanie go do walizki na ko\u0301\u0142kach, co u\u0142atwia przemieszczanie sie\u0328 w podro\u0301z\u0307y. Kieszenie na wode\u0328: Dwa boczne praktyczne uchwyty na butelki zapewniaja\u0328 \u0142atwy doste\u0328p do wody, niezalez\u0307nie od tego, gdzie sie\u0328 znajdujesz. Dedykowana przegroda na laptopa: Specjalna, wys\u0301cie\u0142ana kieszen\u0301 na laptopa (do 15,6 cala) zapewnia ochrone\u0328 Twojego sprze\u0328tu, niezalez\u0307nie od tego, czy we\u0328drujesz po go\u0301rach, czy poruszasz sie\u0328 po miejskich ulicach. Dlaczego warto wybrac\u0301 ten plecak? Uniwersalny plecak JS011B z kolekcji Delsey Jeep to wie\u0328cej niz\u0307 zwyk\u0142y plecak \u2013 to narze\u0328dzie do eksploracji, kto\u0301re \u0142a\u0328czy wytrzyma\u0142os\u0301c\u0301, funkcjonalnos\u0301c\u0301 i dba\u0142os\u0301c\u0301 o s\u0301rodowisko. Jego przemys\u0301lana konstrukcja i trwa\u0142e materia\u0142y sprawiaja\u0328, z\u0307e jest idealnym wyborem dla oso\u0301b, kto\u0301re chca\u0328 czuc\u0301 sie\u0328 przygotowane na kaz\u0307da\u0328 przygode\u0328, od codziennych zadan\u0301 po ekstremalne wyprawy. To produkt, kto\u0301ry uosabia ducha Jeepa \u2013 gotowos\u0301c\u0301 na kaz\u0307da\u0328 droge\u0328, niezalez\u0307nie od wyzwan\u0301, jakie niesie.<\/p>\n<p>UWAGA :<\/p>\n<p>Na stanie (mo\u017ce by\u0107 zam\u00f3wiony)<span class=\"Apple-converted-space\">\u00a0 <\/span>&#8211; wszystkie zam\u00f3wienia z\u0142o\u017cone do godz.12.00 wysy\u0142amy jeszcze tego samego dnia<\/p>\n<p>Produkt dost\u0119pny na zam\u00f3wienie &#8211; czas oczekiwania na produkt nie powinien przekroczy\u0107 7 dni przed zam\u00f3wienim prosimy o weryfikacje z naszym biurem.<\/p>\n<p>Brak w magazynie oznacza, \u017ce dostawa jest mo\u017cliwa prosimy o kontakt z biurem<\/p>\n<p>Seria: JS011B<\/p>\n<div class=\"page\" title=\"Page 1\">\n<div class=\"layoutArea\">\n<div class=\"column\">\n<p>Kro\u0301tki opis:<\/p>\n<\/div>\n<\/div>\n<\/div>\n<div class=\"page\" title=\"Page 2\">\n<div class=\"layoutArea\">\n<div class=\"column\">\n<p>Dodatkowa ochrona laptopa ergonomiczne szelki i plecki pas mocuja\u0328cy na walizke\u0328 przemys\u0301lany uk\u0142ad wne\u0328trza liczne kieszenie limitowana kolekcja<\/p>\n<p>SKU: J02745600-03<\/p>\n<p>Wymiary: Wysokos\u0301c\u0301: 46 cm, D\u0142ugos\u0301c\u0301: 31 cm, Szerokos\u0301c\u0301: 18 cm Waga: 0.6<\/p>\n<p>Wielko\u015b\u0107 laptopa 15,6&#8242;<\/p>\n<p>Cechy:<\/p>\n<p>rodzaj: MIE\u0328KKI<br \/>\nposzerzenie: Nie<br \/>\nmateria\u0142: poliester<br \/>\nrodzaj zamka: ZAMEK B\u0141YSKAWICZNY zip security tech: Nie<\/p>\n<p>usb: nie<br \/>\nodpinane ko\u0142a: Nie<br \/>\nsystem hamulcowy: Nie wbudowana waga: Nie wycia\u0328gana podszewka: Nie ko\u0142a: brak<br \/>\npojemnos\u0301c\u0301: 25 litro\u0301w<\/p>\n<p>kolor: zielony<br \/>\nwielkos\u0301c\u0301: Plecak turystyczny<\/p>\n<p>marka: DELSEY<br \/>\nkolekcja: JEEP<\/p>\n<\/div>\n<\/div>\n<\/div>\n<p>&nbsp;<\/p>\n","protected":false},"excerpt":{"rendered":"<p>Plecak JS011B z kolekcji Jeep to wszechstronny plecak dla tych, kto\u0301rzy nie szukaja\u0328 przygody. Mo\u017ce by\u0107 te\u017c plecakiem na laptopa. To przygoda ich znajduje! Ten model jest idealnym towarzyszem podro\u0301z\u0307y, niezalez\u0307nie od<a class=\"moretag\" href=\"https:\/\/sklep.jeep.info.pl\/?product=jeep-uniwersalny-miejski-zielony-plecak-na-laptopa\">Read More&#8230;<\/a><\/p>\n","protected":false},"featured_media":917,"comment_status":"open","ping_status":"closed","template":"","meta":[],"product_brand":[],"product_cat":[37,23],"product_tag":[38],"class_list":{"0":"post-915","1":"product","2":"type-product","3":"status-publish","4":"has-post-thumbnail","6":"product_cat-plecak-miejski","7":"product_cat-torby-materialowe","8":"product_tag-plecak-miejski-jeep","10":"first","11":"instock","12":"shipping-taxable","13":"purchasable","14":"product-type-simple"},"_links":{"self":[{"href":"https:\/\/sklep.jeep.info.pl\/index.php?rest_route=\/wp\/v2\/product\/915","targetHints":{"allow":["GET"]}}],"collection":[{"href":"https:\/\/sklep.jeep.info.pl\/index.php?rest_route=\/wp\/v2\/product"}],"about":[{"href":"https:\/\/sklep.jeep.info.pl\/index.php?rest_route=\/wp\/v2\/types\/product"}],"replies":[{"embeddable":true,"href":"https:\/\/sklep.jeep.info.pl\/index.php?rest_route=%2Fwp%2Fv2%2Fcomments&post=915"}],"wp:featuredmedia":[{"embeddable":true,"href":"https:\/\/sklep.jeep.info.pl\/index.php?rest_route=\/wp\/v2\/media\/917"}],"wp:attachment":[{"href":"https:\/\/sklep.jeep.info.pl\/index.php?rest_route=%2Fwp%2Fv2%2Fmedia&parent=915"}],"wp:term":[{"taxonomy":"product_brand","embeddable":true,"href":"https:\/\/sklep.jeep.info.pl\/index.php?rest_route=%2Fwp%2Fv2%2Fproduct_brand&post=915"},{"taxonomy":"product_cat","embeddable":true,"href":"https:\/\/sklep.jeep.info.pl\/index.php?rest_route=%2Fwp%2Fv2%2Fproduct_cat&post=915"},{"taxonomy":"product_tag","embeddable":true,"href":"https:\/\/sklep.jeep.info.pl\/index.php?rest_route=%2Fwp%2Fv2%2Fproduct_tag&post=915"}],"curies":[{"name":"wp","href":"https:\/\/api.w.org\/{rel}","templated":true}]}}