{"id":683,"date":"2024-11-20T10:55:17","date_gmt":"2024-11-20T10:55:17","guid":{"rendered":"https:\/\/sklep.jeep.info.pl\/?post_type=product&#038;p=683"},"modified":"2025-08-20T14:35:01","modified_gmt":"2025-08-20T14:35:01","slug":"jeep-plecak-kabinowy-zielony-58-cm-back-pack-xl","status":"publish","type":"product","link":"https:\/\/sklep.jeep.info.pl\/?product=jeep-plecak-kabinowy-zielony-58-cm-back-pack-xl","title":{"rendered":"JEEP Plecak kabinowy zielony 58 cm BACK PACK &#8211; XL"},"content":{"rendered":"<p>Plecak JEEP \u00a0to idealny wyb\u00f3r dla poszukiwaczy przyg\u00f3d. Wykonany z wodoodpornego, recyklingowanego poliestru, posiada \u00a0dwie komory i u\u017cytkowe opcje transportu, idealny do do\u015bwiadcze\u0144 pe\u0142nych ducha przygody i wolno\u015bci podr\u00f3\u017cnik\u00f3w. Posiada piankowy \u00a0tylny panel z paskami. Wykonany z materia\u0142u Explorer-Shield jest doskona\u0142ym towarzyszem zar\u00f3wno na wyprawy na \u015bwie\u017cym powietrzu, jak i codzienne przygody. Ponadto posiada wy\u015bcie\u0142any uchwyt g\u00f3rny dla pewnego chwytu lub regulowane paski na ramiona, zapewniaj\u0105ce komfort i elastyczno\u015b\u0107 dla twojego dynamicznego stylu \u017cycia. Wy\u015bcie\u0142any tylny panel jest zoptymalizowany jest gotowy do p\u0142ynnego przesuwania si\u0119 po r\u0105czkach g\u0142\u00f3wnego baga\u017cu u\u0142atwiaj\u0105c transport pomi\u0119dzy etapami podr\u00f3\u017cy. Wszyte po bokach paski kompresyjne, zabezpieczaj\u0105 tw\u00f3j baga\u017c i u\u0142atwiaj\u0105 otwieranie i zamykanie zamka b\u0142yskawicznego.<\/p>\n<p>Kro\u0301tki opis:<\/p>\n<div class=\"page\" title=\"Page 2\">\n<div class=\"layoutArea\">\n<div class=\"column\">\n<p>Plecak \u00a0Duz\u0307e wygodne otwarcie, <span style=\"font-family: Helvetica; font-size: medium;\">jedna kieszonka na suwak z przodu, <\/span><span style=\"font-family: Helvetica; font-size: medium;\">torba z systemem jezdnym, <\/span><span style=\"font-family: Helvetica; font-size: medium;\">zamykany na suwak otwierany w dw\u00f3ch kierunkach, zamykany zamek dla lepszej ochrony przed kradzie\u017c\u0105, <\/span><span style=\"font-family: Helvetica; font-size: medium;\">uchwyty na boku i od g\u00f3ry, <\/span><span style=\"font-family: Helvetica; font-size: medium;\">paski plecaka<\/span><\/p>\n<p><span style=\"font-family: Helvetica; font-size: medium;\">Wewn\u0105trz\u00a0<\/span><span style=\"font-family: Helvetica; font-size: medium;\">kolor jednolity podszewka poliester ze wzorem,\u00a0<\/span><span style=\"font-family: Helvetica; font-size: medium;\">paski poprzeczne do mocowania zawarto\u015bci bez zagniece\u0144, przegr\u00f3dka, \u015bcianka grodz\u0105ca, <\/span><span style=\"font-family: Helvetica; font-size: medium;\">jedna kiesze\u0144 na suwak<\/span><\/p>\n<p>UWAGA :<\/p>\n<p>Na stanie (mo\u017ce by\u0107 zam\u00f3wiony)<span class=\"Apple-converted-space\">\u00a0 <\/span>&#8211; wszystkie zam\u00f3wienia z\u0142o\u017cone do godz.12.00 wysy\u0142amy jeszcze tego samego dnia<\/p>\n<p>Produkt dost\u0119pny na zam\u00f3wienie &#8211; czas oczekiwania na produkt nie powinien przekroczy\u0107 7 dni przed zam\u00f3wienim prosimy o weryfikacje z naszym biurem.<\/p>\n<p>Brak w magazynie oznacza, \u017ce dostawa jest mo\u017cliwa prosimy o kontakt z biurem<\/p>\n<p>Opis:<\/p>\n<p>Limitowana kolekcjaSeria: JS007C<\/p>\n<\/div>\n<\/div>\n<p>SKU: J03740641-45<\/p>\n<div class=\"layoutArea\">\n<div class=\"column\">\n<p>Wymiary: D\u0142ugos\u0301c\u0301: 55 (z paskami 58 cm), Wysokos\u0301c\u0301: 38 cm, Szerokos\u0301c\u0301: 21 cm Waga: oko\u0142o 0,8 kg<br \/>\nCechy: sprawdza si\u0119 na bud\u017cetowych liniach lotniczych<\/p>\n<p>rodzaj: MIE\u0328KKI<br \/>\nwielkos\u0301c\u0301: torba<br \/>\nposzerzenie: Nie<br \/>\nmateria\u0142: poliester<br \/>\nrodzaj zamka: ZAMEK B\u0141YSKAWICZNY zip security tech: Nie<\/p>\n<p>usb: nie<\/p>\n<p>wbudowana waga: Nie wycia\u0328gana podszewka: Nie kolor: zielony<br \/>\npojemnos\u0301c\u0301: 48 litro\u0301w<\/p>\n<p>Producent: DELSEY<br \/>\nkolekcja: JEEP<\/p>\n<\/div>\n<\/div>\n<\/div>\n<p>&nbsp;<\/p>\n<p><span style=\"font-family: Helvetica; font-size: medium;\">Kolor producenta: avocado green<\/span><\/p>\n<p><span style=\"font-family: Helvetica; font-size: medium;\">Gwarancja producenta: 2 lata<\/span><\/p>\n<p>&nbsp;<\/p>\n","protected":false},"excerpt":{"rendered":"<p>Plecak JEEP \u00a0to idealny wyb\u00f3r dla poszukiwaczy przyg\u00f3d. Wykonany z wodoodpornego, recyklingowanego poliestru, posiada \u00a0dwie komory i u\u017cytkowe opcje transportu, idealny do do\u015bwiadcze\u0144 pe\u0142nych ducha przygody i wolno\u015bci podr\u00f3\u017cnik\u00f3w. Posiada piankowy \u00a0tylny<a class=\"moretag\" href=\"https:\/\/sklep.jeep.info.pl\/?product=jeep-plecak-kabinowy-zielony-58-cm-back-pack-xl\">Read More&#8230;<\/a><\/p>\n","protected":false},"featured_media":686,"comment_status":"open","ping_status":"closed","template":"","meta":[],"product_brand":[],"product_cat":[25],"product_tag":[26],"class_list":{"0":"post-683","1":"product","2":"type-product","3":"status-publish","4":"has-post-thumbnail","6":"product_cat-plecak-kabinowy","7":"product_tag-plecak-kabinowy","9":"first","10":"outofstock","11":"shipping-taxable","12":"purchasable","13":"product-type-simple"},"_links":{"self":[{"href":"https:\/\/sklep.jeep.info.pl\/index.php?rest_route=\/wp\/v2\/product\/683","targetHints":{"allow":["GET"]}}],"collection":[{"href":"https:\/\/sklep.jeep.info.pl\/index.php?rest_route=\/wp\/v2\/product"}],"about":[{"href":"https:\/\/sklep.jeep.info.pl\/index.php?rest_route=\/wp\/v2\/types\/product"}],"replies":[{"embeddable":true,"href":"https:\/\/sklep.jeep.info.pl\/index.php?rest_route=%2Fwp%2Fv2%2Fcomments&post=683"}],"wp:featuredmedia":[{"embeddable":true,"href":"https:\/\/sklep.jeep.info.pl\/index.php?rest_route=\/wp\/v2\/media\/686"}],"wp:attachment":[{"href":"https:\/\/sklep.jeep.info.pl\/index.php?rest_route=%2Fwp%2Fv2%2Fmedia&parent=683"}],"wp:term":[{"taxonomy":"product_brand","embeddable":true,"href":"https:\/\/sklep.jeep.info.pl\/index.php?rest_route=%2Fwp%2Fv2%2Fproduct_brand&post=683"},{"taxonomy":"product_cat","embeddable":true,"href":"https:\/\/sklep.jeep.info.pl\/index.php?rest_route=%2Fwp%2Fv2%2Fproduct_cat&post=683"},{"taxonomy":"product_tag","embeddable":true,"href":"https:\/\/sklep.jeep.info.pl\/index.php?rest_route=%2Fwp%2Fv2%2Fproduct_tag&post=683"}],"curies":[{"name":"wp","href":"https:\/\/api.w.org\/{rel}","templated":true}]}}