{"id":2001,"date":"2025-09-29T16:22:20","date_gmt":"2025-09-29T16:22:20","guid":{"rendered":"https:\/\/sklep.jeep.info.pl\/?post_type=product&#038;p=2001"},"modified":"2026-02-10T20:25:11","modified_gmt":"2026-02-10T20:25:11","slug":"bluza-damska-z-kapturem-jeep-rozpinana-maly-napis-jeepcanvas-blue-deep-blue","status":"publish","type":"product","link":"https:\/\/sklep.jeep.info.pl\/?product=bluza-damska-z-kapturem-jeep-rozpinana-maly-napis-jeepcanvas-blue-deep-blue","title":{"rendered":"Bluza damska z kapturem Jeep, rozpinana, ma\u0142y napis JeepCanvas Blue\/Deep Blue"},"content":{"rendered":"<h2>Opis<\/h2>\n<p>Szczeg\u00f3\u0142y produktu :<\/p>\n<p>Kolekcja JEEP zosta\u0142a przygotowana z my\u015bl\u0105 o wszystkich pasjonatach marki Jeep. Ubrania z kultowym logo Jeep\u00ae wykonana ze \u015bwie\u017cej i wytrzyma\u0142ej bawe\u0142ny to must-have na wszystkie aktywno\u015bci na \u015bwie\u017cym powietrzu, zar\u00f3wno w mie\u015bcie, jak i na \u0142onie natury, dzi\u0119ki dopasowaniu gwarantuj\u0105cemu doskona\u0142\u0105 swobod\u0119 ruchu.<\/p>\n<p>Z dba\u0142o\u015bci\u0105 o kr\u00f3j i szczeg\u00f3\u0142y wyko\u0144czenia powsta\u0142y produkty komfortowe a jednocze\u015bnie funkcjonalne sprawdzaj\u0105ce si\u0119 w trudnych warunkach.<\/p>\n<p>Bluza damska z kapturem Jeep, rozpinana, ma\u0142y napis Jeep Canvas Blue\/Deep Blue<\/p>\n<p>O103010-Q032<\/p>\n<p>Szczeg\u00f3\u0142y produktu :<\/p>\n<p>Kolor : Canvas Blue\/Deep Blue<\/p>\n<p>CECHY<\/p>\n<p>\u2022 Cienka bawe\u0142niana tkanina dopasowuje si\u0119 do ka\u017cdego ruchu<\/p>\n<p>\u2022 Anatomicznie ukszta\u0142towany kaptur dla dodatkowej ochrony przed zimnem<\/p>\n<p>\u2022 \u015aci\u0105gacze przy mankietach i na dole utrzymuj\u0105 ubranie blisko cia\u0142a<\/p>\n<p>\u2022 Przednia kiesze\u0144 kangurka<\/p>\n<p>\u2022 Z przodu du\u017cy nadruk Log Rings i logo Jeep\u00ae<\/p>\n<p>MATERIA\u0141Y<\/p>\n<p>SK\u0141AD:<br \/>\n100% BAWE\u0141NA<\/p>\n<p>INSTRUKCJA PRANIA<\/p>\n<p>Pranie w temperaturze max 30\u00b0<\/p>\n<p>Nie wybiela\u0107, nie suszy\u0107 w b\u0119bnie<\/p>\n<p>PRASOWA\u0106 PRZY MAKSYMALNEJ TEMPERATURZE 110\u00b0<br \/>\nNIE CZY\u015aCI\u0106 CHEMICZNIE<\/p>\n","protected":false},"excerpt":{"rendered":"<p>Niezale\u017cnie od tego, jak\u0105 przygod\u0119 wybierzesz: czy to zdobycie szczytu, aby podziwia\u0107 dzik\u0105 przyrod\u0119, czy upieczenie upolowanej ryby na ognisku z rodzin\u0105, bluza z kapturem Jeep\u00ae z zamkiem b\u0142yskawicznym to idealny kompromis mi\u0119dzy wszechstronno\u015bci\u0105 a praktyczno\u015bci\u0105. Boczne kieszenie pomieszcz\u0105 wszystkie niezb\u0119dne drobiazgi. Anatomiczny, regulowany kaptur ze \u015bci\u0105gaczem zosta\u0142 zaprojektowany tak, aby nie zaskoczy\u0142y Ci\u0119 nag\u0142e zmiany temperatury.<\/p>\n<p>&nbsp;<\/p>\n","protected":false},"featured_media":2008,"comment_status":"open","ping_status":"closed","template":"","meta":[],"product_brand":[],"product_cat":[15,59,51,48],"product_tag":[54],"class_list":{"0":"post-2001","1":"product","2":"type-product","3":"status-publish","4":"has-post-thumbnail","6":"product_cat-bez-kategorii","7":"product_cat-bluza-damska","8":"product_cat-bluzy","9":"product_cat-odziez","10":"product_tag-bluza-jeep","11":"pa_rozmiar-l","12":"pa_rozmiar-m","13":"pa_rozmiar-s","14":"pa_rozmiar-xl","15":"pa_rozmiar-xs","17":"first","18":"instock","19":"shipping-taxable","20":"purchasable","21":"product-type-variable","22":"has-default-attributes"},"_links":{"self":[{"href":"https:\/\/sklep.jeep.info.pl\/index.php?rest_route=\/wp\/v2\/product\/2001","targetHints":{"allow":["GET"]}}],"collection":[{"href":"https:\/\/sklep.jeep.info.pl\/index.php?rest_route=\/wp\/v2\/product"}],"about":[{"href":"https:\/\/sklep.jeep.info.pl\/index.php?rest_route=\/wp\/v2\/types\/product"}],"replies":[{"embeddable":true,"href":"https:\/\/sklep.jeep.info.pl\/index.php?rest_route=%2Fwp%2Fv2%2Fcomments&post=2001"}],"wp:featuredmedia":[{"embeddable":true,"href":"https:\/\/sklep.jeep.info.pl\/index.php?rest_route=\/wp\/v2\/media\/2008"}],"wp:attachment":[{"href":"https:\/\/sklep.jeep.info.pl\/index.php?rest_route=%2Fwp%2Fv2%2Fmedia&parent=2001"}],"wp:term":[{"taxonomy":"product_brand","embeddable":true,"href":"https:\/\/sklep.jeep.info.pl\/index.php?rest_route=%2Fwp%2Fv2%2Fproduct_brand&post=2001"},{"taxonomy":"product_cat","embeddable":true,"href":"https:\/\/sklep.jeep.info.pl\/index.php?rest_route=%2Fwp%2Fv2%2Fproduct_cat&post=2001"},{"taxonomy":"product_tag","embeddable":true,"href":"https:\/\/sklep.jeep.info.pl\/index.php?rest_route=%2Fwp%2Fv2%2Fproduct_tag&post=2001"}],"curies":[{"name":"wp","href":"https:\/\/api.w.org\/{rel}","templated":true}]}}